{"id":5737,"date":"2025-12-30T14:18:55","date_gmt":"2025-12-30T13:18:55","guid":{"rendered":"https:\/\/greenvalleys.eu\/?post_type=tribe_events&#038;p=5737"},"modified":"2025-12-30T14:21:20","modified_gmt":"2025-12-30T13:21:20","slug":"plantekongressen-2026-i-herning-kongrescenter","status":"publish","type":"tribe_events","link":"https:\/\/greenvalleys.eu\/da\/event\/plantekongressen-2026-i-herning-kongrescenter\/","title":{"rendered":"Plantekongressen 2026 i Herning Kongrescenter"},"content":{"rendered":"<p>Skive Kommune deltager som partner i Green Valleys 2.0 p\u00e5 Plantekongressen 2026 i Herning, hvor projektet deler erfaringer og viden om gr\u00e6s som ressource og gr\u00f8n bioraffinering som centrale elementer i udviklingen af nye, b\u00e6redygtige v\u00e6rdik\u00e6der.<\/p>\n<p>Plantekongressen samler akt\u00f8rer fra planteavl, r\u00e5dgivning, erhverv og videnmilj\u00f8er, og p\u00e5 Green Valleys 2.0\u2019s stand er der mulighed for at h\u00f8re mere om, hvordan gr\u00e6s kan anvendes til mange forskellige form\u00e5l \u2013 herunder protein, foder, tekstiler og andre biobaserede produkter \u2013 samt hvilke perspektiver og muligheder der ligger i bioraffinering.<\/p>\n<p>Bes\u00f8gende er velkomne til at kigge forbi standen og h\u00f8re mere om Green Valleys 2.0 og de muligheder, der ligger i anvendelsen af gr\u00e6s og bioraffinering.<\/p>\n<p><a href=\"https:\/\/plantekongres.dk\/program\/\" target=\"_blank\" rel=\"noopener\">L\u00e6s mere om Plantekongressen 2026 her<\/a><\/p>\n","protected":false},"excerpt":{"rendered":"<p>Skive Kommune deltager som partner i Green Valleys 2.0 p\u00e5 Plantekongressen 2026 i Herning, hvor projektet deler erfaringer og viden om gr\u00e6s som ressource og  [&#8230;]<\/p>\n","protected":false},"author":6,"featured_media":5713,"template":"","meta":{"_tribe_events_status":"","_tribe_events_status_reason":"","footnotes":""},"tags":[],"tribe_events_cat":[],"class_list":["post-5737","tribe_events","type-tribe_events","status-publish","has-post-thumbnail","hentry"],"yoast_head":"<!-- This site is optimized with the Yoast SEO plugin v27.5 - https:\/\/yoast.com\/product\/yoast-seo-wordpress\/ -->\n<title>Plantekongressen 2026 i Herning Kongrescenter - Green Valleys<\/title>\n<meta name=\"description\" content=\"Green Valleys deltager igen i 2026 p\u00e5 den store plantekongres Herning, som samler landm\u00e6nd, r\u00e5dgivere og vidensinstitutioner til to fagdage.\" \/>\n<meta name=\"robots\" content=\"index, follow, max-snippet:-1, max-image-preview:large, max-video-preview:-1\" \/>\n<link rel=\"canonical\" href=\"https:\/\/greenvalleys.eu\/da\/event\/plantekongressen-2026-i-herning-kongrescenter\/\" \/>\n<meta property=\"og:locale\" content=\"da_DK\" \/>\n<meta property=\"og:type\" content=\"article\" \/>\n<meta property=\"og:title\" content=\"Plantekongressen 2026 i Herning Kongrescenter - Green Valleys\" \/>\n<meta property=\"og:description\" content=\"Green Valleys deltager igen i 2026 p\u00e5 den store plantekongres Herning, som samler landm\u00e6nd, r\u00e5dgivere og vidensinstitutioner til to fagdage.\" \/>\n<meta property=\"og:url\" content=\"https:\/\/greenvalleys.eu\/da\/event\/plantekongressen-2026-i-herning-kongrescenter\/\" \/>\n<meta property=\"og:site_name\" content=\"Green Valleys\" \/>\n<meta property=\"article:modified_time\" content=\"2025-12-30T13:21:20+00:00\" \/>\n<meta property=\"og:image\" content=\"https:\/\/greenvalleys.eu\/wp-content\/uploads\/2025\/12\/IMG_0735.jpeg\" \/>\n\t<meta property=\"og:image:width\" content=\"2048\" \/>\n\t<meta property=\"og:image:height\" content=\"1536\" \/>\n\t<meta property=\"og:image:type\" content=\"image\/jpeg\" \/>\n<meta name=\"twitter:card\" content=\"summary_large_image\" \/>\n<meta name=\"twitter:label1\" content=\"Estimeret l\u00e6setid\" \/>\n\t<meta name=\"twitter:data1\" content=\"1 minut\" \/>\n<script type=\"application\/ld+json\" class=\"yoast-schema-graph\">{\"@context\":\"https:\\\/\\\/schema.org\",\"@graph\":[{\"@type\":\"WebPage\",\"@id\":\"https:\\\/\\\/greenvalleys.eu\\\/da\\\/event\\\/plantekongressen-2026-i-herning-kongrescenter\\\/\",\"url\":\"https:\\\/\\\/greenvalleys.eu\\\/da\\\/event\\\/plantekongressen-2026-i-herning-kongrescenter\\\/\",\"name\":\"Plantekongressen 2026 i Herning Kongrescenter - Green Valleys\",\"isPartOf\":{\"@id\":\"https:\\\/\\\/greenvalleys.eu\\\/#website\"},\"primaryImageOfPage\":{\"@id\":\"https:\\\/\\\/greenvalleys.eu\\\/da\\\/event\\\/plantekongressen-2026-i-herning-kongrescenter\\\/#primaryimage\"},\"image\":{\"@id\":\"https:\\\/\\\/greenvalleys.eu\\\/da\\\/event\\\/plantekongressen-2026-i-herning-kongrescenter\\\/#primaryimage\"},\"thumbnailUrl\":\"https:\\\/\\\/greenvalleys.eu\\\/wp-content\\\/uploads\\\/2025\\\/12\\\/IMG_0735.jpeg\",\"datePublished\":\"2025-12-30T13:18:55+00:00\",\"dateModified\":\"2025-12-30T13:21:20+00:00\",\"description\":\"Green Valleys deltager igen i 2026 p\u00e5 den store plantekongres Herning, som samler landm\u00e6nd, r\u00e5dgivere og vidensinstitutioner til to fagdage.\",\"breadcrumb\":{\"@id\":\"https:\\\/\\\/greenvalleys.eu\\\/da\\\/event\\\/plantekongressen-2026-i-herning-kongrescenter\\\/#breadcrumb\"},\"inLanguage\":\"da-DK\",\"potentialAction\":[{\"@type\":\"ReadAction\",\"target\":[\"https:\\\/\\\/greenvalleys.eu\\\/da\\\/event\\\/plantekongressen-2026-i-herning-kongrescenter\\\/\"]}]},{\"@type\":\"ImageObject\",\"inLanguage\":\"da-DK\",\"@id\":\"https:\\\/\\\/greenvalleys.eu\\\/da\\\/event\\\/plantekongressen-2026-i-herning-kongrescenter\\\/#primaryimage\",\"url\":\"https:\\\/\\\/greenvalleys.eu\\\/wp-content\\\/uploads\\\/2025\\\/12\\\/IMG_0735.jpeg\",\"contentUrl\":\"https:\\\/\\\/greenvalleys.eu\\\/wp-content\\\/uploads\\\/2025\\\/12\\\/IMG_0735.jpeg\",\"width\":2048,\"height\":1536},{\"@type\":\"BreadcrumbList\",\"@id\":\"https:\\\/\\\/greenvalleys.eu\\\/da\\\/event\\\/plantekongressen-2026-i-herning-kongrescenter\\\/#breadcrumb\",\"itemListElement\":[{\"@type\":\"ListItem\",\"position\":1,\"name\":\"Home\",\"item\":\"https:\\\/\\\/greenvalleys.eu\\\/da\\\/starte\\\/\"},{\"@type\":\"ListItem\",\"position\":2,\"name\":\"Events\",\"item\":\"https:\\\/\\\/greenvalleys.eu\\\/events\\\/\"},{\"@type\":\"ListItem\",\"position\":3,\"name\":\"Plantekongressen 2026 i Herning Kongrescenter\"}]},{\"@type\":\"WebSite\",\"@id\":\"https:\\\/\\\/greenvalleys.eu\\\/#website\",\"url\":\"https:\\\/\\\/greenvalleys.eu\\\/\",\"name\":\"Green Valleys\",\"description\":\"We create value circles in agriculture\",\"publisher\":{\"@id\":\"https:\\\/\\\/greenvalleys.eu\\\/#organization\"},\"potentialAction\":[{\"@type\":\"SearchAction\",\"target\":{\"@type\":\"EntryPoint\",\"urlTemplate\":\"https:\\\/\\\/greenvalleys.eu\\\/?s={search_term_string}\"},\"query-input\":{\"@type\":\"PropertyValueSpecification\",\"valueRequired\":true,\"valueName\":\"search_term_string\"}}],\"inLanguage\":\"da-DK\"},{\"@type\":\"Organization\",\"@id\":\"https:\\\/\\\/greenvalleys.eu\\\/#organization\",\"name\":\"Green Valleys\",\"alternateName\":\"Green Valleys\",\"url\":\"https:\\\/\\\/greenvalleys.eu\\\/\",\"logo\":{\"@type\":\"ImageObject\",\"inLanguage\":\"da-DK\",\"@id\":\"https:\\\/\\\/greenvalleys.eu\\\/#\\\/schema\\\/logo\\\/image\\\/\",\"url\":\"https:\\\/\\\/greenvalleys.eu\\\/wp-content\\\/uploads\\\/2023\\\/01\\\/green-valleys_logotype_new.png\",\"contentUrl\":\"https:\\\/\\\/greenvalleys.eu\\\/wp-content\\\/uploads\\\/2023\\\/01\\\/green-valleys_logotype_new.png\",\"width\":316,\"height\":130,\"caption\":\"Green Valleys\"},\"image\":{\"@id\":\"https:\\\/\\\/greenvalleys.eu\\\/#\\\/schema\\\/logo\\\/image\\\/\"}}]}<\/script>\n<!-- \/ Yoast SEO plugin. -->","yoast_head_json":{"title":"Plantekongressen 2026 i Herning Kongrescenter - Green Valleys","description":"Green Valleys deltager igen i 2026 p\u00e5 den store plantekongres Herning, som samler landm\u00e6nd, r\u00e5dgivere og vidensinstitutioner til to fagdage.","robots":{"index":"index","follow":"follow","max-snippet":"max-snippet:-1","max-image-preview":"max-image-preview:large","max-video-preview":"max-video-preview:-1"},"canonical":"https:\/\/greenvalleys.eu\/da\/event\/plantekongressen-2026-i-herning-kongrescenter\/","og_locale":"da_DK","og_type":"article","og_title":"Plantekongressen 2026 i Herning Kongrescenter - Green Valleys","og_description":"Green Valleys deltager igen i 2026 p\u00e5 den store plantekongres Herning, som samler landm\u00e6nd, r\u00e5dgivere og vidensinstitutioner til to fagdage.","og_url":"https:\/\/greenvalleys.eu\/da\/event\/plantekongressen-2026-i-herning-kongrescenter\/","og_site_name":"Green Valleys","article_modified_time":"2025-12-30T13:21:20+00:00","og_image":[{"width":2048,"height":1536,"url":"https:\/\/greenvalleys.eu\/wp-content\/uploads\/2025\/12\/IMG_0735.jpeg","type":"image\/jpeg"}],"twitter_card":"summary_large_image","twitter_misc":{"Estimeret l\u00e6setid":"1 minut"},"schema":{"@context":"https:\/\/schema.org","@graph":[{"@type":"WebPage","@id":"https:\/\/greenvalleys.eu\/da\/event\/plantekongressen-2026-i-herning-kongrescenter\/","url":"https:\/\/greenvalleys.eu\/da\/event\/plantekongressen-2026-i-herning-kongrescenter\/","name":"Plantekongressen 2026 i Herning Kongrescenter - Green Valleys","isPartOf":{"@id":"https:\/\/greenvalleys.eu\/#website"},"primaryImageOfPage":{"@id":"https:\/\/greenvalleys.eu\/da\/event\/plantekongressen-2026-i-herning-kongrescenter\/#primaryimage"},"image":{"@id":"https:\/\/greenvalleys.eu\/da\/event\/plantekongressen-2026-i-herning-kongrescenter\/#primaryimage"},"thumbnailUrl":"https:\/\/greenvalleys.eu\/wp-content\/uploads\/2025\/12\/IMG_0735.jpeg","datePublished":"2025-12-30T13:18:55+00:00","dateModified":"2025-12-30T13:21:20+00:00","description":"Green Valleys deltager igen i 2026 p\u00e5 den store plantekongres Herning, som samler landm\u00e6nd, r\u00e5dgivere og vidensinstitutioner til to fagdage.","breadcrumb":{"@id":"https:\/\/greenvalleys.eu\/da\/event\/plantekongressen-2026-i-herning-kongrescenter\/#breadcrumb"},"inLanguage":"da-DK","potentialAction":[{"@type":"ReadAction","target":["https:\/\/greenvalleys.eu\/da\/event\/plantekongressen-2026-i-herning-kongrescenter\/"]}]},{"@type":"ImageObject","inLanguage":"da-DK","@id":"https:\/\/greenvalleys.eu\/da\/event\/plantekongressen-2026-i-herning-kongrescenter\/#primaryimage","url":"https:\/\/greenvalleys.eu\/wp-content\/uploads\/2025\/12\/IMG_0735.jpeg","contentUrl":"https:\/\/greenvalleys.eu\/wp-content\/uploads\/2025\/12\/IMG_0735.jpeg","width":2048,"height":1536},{"@type":"BreadcrumbList","@id":"https:\/\/greenvalleys.eu\/da\/event\/plantekongressen-2026-i-herning-kongrescenter\/#breadcrumb","itemListElement":[{"@type":"ListItem","position":1,"name":"Home","item":"https:\/\/greenvalleys.eu\/da\/starte\/"},{"@type":"ListItem","position":2,"name":"Events","item":"https:\/\/greenvalleys.eu\/events\/"},{"@type":"ListItem","position":3,"name":"Plantekongressen 2026 i Herning Kongrescenter"}]},{"@type":"WebSite","@id":"https:\/\/greenvalleys.eu\/#website","url":"https:\/\/greenvalleys.eu\/","name":"Green Valleys","description":"We create value circles in agriculture","publisher":{"@id":"https:\/\/greenvalleys.eu\/#organization"},"potentialAction":[{"@type":"SearchAction","target":{"@type":"EntryPoint","urlTemplate":"https:\/\/greenvalleys.eu\/?s={search_term_string}"},"query-input":{"@type":"PropertyValueSpecification","valueRequired":true,"valueName":"search_term_string"}}],"inLanguage":"da-DK"},{"@type":"Organization","@id":"https:\/\/greenvalleys.eu\/#organization","name":"Green Valleys","alternateName":"Green Valleys","url":"https:\/\/greenvalleys.eu\/","logo":{"@type":"ImageObject","inLanguage":"da-DK","@id":"https:\/\/greenvalleys.eu\/#\/schema\/logo\/image\/","url":"https:\/\/greenvalleys.eu\/wp-content\/uploads\/2023\/01\/green-valleys_logotype_new.png","contentUrl":"https:\/\/greenvalleys.eu\/wp-content\/uploads\/2023\/01\/green-valleys_logotype_new.png","width":316,"height":130,"caption":"Green Valleys"},"image":{"@id":"https:\/\/greenvalleys.eu\/#\/schema\/logo\/image\/"}}]}},"_links":{"self":[{"href":"https:\/\/greenvalleys.eu\/da\/wp-json\/wp\/v2\/tribe_events\/5737","targetHints":{"allow":["GET"]}}],"collection":[{"href":"https:\/\/greenvalleys.eu\/da\/wp-json\/wp\/v2\/tribe_events"}],"about":[{"href":"https:\/\/greenvalleys.eu\/da\/wp-json\/wp\/v2\/types\/tribe_events"}],"author":[{"embeddable":true,"href":"https:\/\/greenvalleys.eu\/da\/wp-json\/wp\/v2\/users\/6"}],"version-history":[{"count":1,"href":"https:\/\/greenvalleys.eu\/da\/wp-json\/wp\/v2\/tribe_events\/5737\/revisions"}],"predecessor-version":[{"id":5739,"href":"https:\/\/greenvalleys.eu\/da\/wp-json\/wp\/v2\/tribe_events\/5737\/revisions\/5739"}],"wp:featuredmedia":[{"embeddable":true,"href":"https:\/\/greenvalleys.eu\/da\/wp-json\/wp\/v2\/media\/5713"}],"wp:attachment":[{"href":"https:\/\/greenvalleys.eu\/da\/wp-json\/wp\/v2\/media?parent=5737"}],"wp:term":[{"taxonomy":"post_tag","embeddable":true,"href":"https:\/\/greenvalleys.eu\/da\/wp-json\/wp\/v2\/tags?post=5737"},{"taxonomy":"tribe_events_cat","embeddable":true,"href":"https:\/\/greenvalleys.eu\/da\/wp-json\/wp\/v2\/tribe_events_cat?post=5737"}],"curies":[{"name":"wp","href":"https:\/\/api.w.org\/{rel}","templated":true}]}}

<p>Skive Kommune deltager som partner i Green Valleys 2.0 på Plantekongressen 2026 i Herning, hvor projektet deler erfaringer og viden om græs som ressource og grøn bioraffinering som centrale elementer i udviklingen af nye, bæredygtige værdikæder.</p>
<p>Plantekongressen samler aktører fra planteavl, rådgivning, erhverv og videnmiljøer, og på Green Valleys 2.0’s stand er der mulighed for at høre mere om, hvordan græs kan anvendes til mange forskellige formål – herunder protein, foder, tekstiler og andre biobaserede produkter – samt hvilke perspektiver og muligheder der ligger i bioraffinering.</p>
<p>Besøgende er velkomne til at kigge forbi standen og høre mere om Green Valleys 2.0 og de muligheder, der ligger i anvendelsen af græs og bioraffinering.</p>
<p><a href="https://plantekongres.dk/program/" target="_blank" rel="noopener">Læs mere om Plantekongressen 2026 her</a></p>

<p>Skive Kommune deltager som partner i Green Valleys 2.0 på Plantekongressen 2026 i Herning, hvor projektet deler erfaringer og viden om græs som ressource og  [&#8230;]</p>

<!-- This site is optimized with the Yoast SEO plugin v27.5 - https://yoast.com/product/yoast-seo-wordpress/ -->
<title>Plantekongressen 2026 i Herning Kongrescenter - Green Valleys</title>
<meta name="description" content="Green Valleys deltager igen i 2026 på den store plantekongres Herning, som samler landmænd, rådgivere og vidensinstitutioner til to fagdage." />
<meta name="robots" content="index, follow, max-snippet:-1, max-image-preview:large, max-video-preview:-1" />
<link rel="canonical" href="https://greenvalleys.eu/da/event/plantekongressen-2026-i-herning-kongrescenter/" />
<meta property="og:locale" content="da_DK" />
<meta property="og:type" content="article" />
<meta property="og:title" content="Plantekongressen 2026 i Herning Kongrescenter - Green Valleys" />
<meta property="og:description" content="Green Valleys deltager igen i 2026 på den store plantekongres Herning, som samler landmænd, rådgivere og vidensinstitutioner til to fagdage." />
<meta property="og:url" content="https://greenvalleys.eu/da/event/plantekongressen-2026-i-herning-kongrescenter/" />
<meta property="og:site_name" content="Green Valleys" />
<meta property="article:modified_time" content="2025-12-30T13:21:20+00:00" />
<meta property="og:image" content="https://greenvalleys.eu/wp-content/uploads/2025/12/IMG_0735.jpeg" />
	<meta property="og:image:width" content="2048" />
	<meta property="og:image:height" content="1536" />
	<meta property="og:image:type" content="image/jpeg" />
<meta name="twitter:card" content="summary_large_image" />
<meta name="twitter:label1" content="Estimeret læsetid" />
	<meta name="twitter:data1" content="1 minut" />
<script type="application/ld+json" class="yoast-schema-graph">{"@context":"https:\/\/schema.org","@graph":[{"@type":"WebPage","@id":"https:\/\/greenvalleys.eu\/da\/event\/plantekongressen-2026-i-herning-kongrescenter\/","url":"https:\/\/greenvalleys.eu\/da\/event\/plantekongressen-2026-i-herning-kongrescenter\/","name":"Plantekongressen 2026 i Herning Kongrescenter - Green Valleys","isPartOf":{"@id":"https:\/\/greenvalleys.eu\/#website"},"primaryImageOfPage":{"@id":"https:\/\/greenvalleys.eu\/da\/event\/plantekongressen-2026-i-herning-kongrescenter\/#primaryimage"},"image":{"@id":"https:\/\/greenvalleys.eu\/da\/event\/plantekongressen-2026-i-herning-kongrescenter\/#primaryimage"},"thumbnailUrl":"https:\/\/greenvalleys.eu\/wp-content\/uploads\/2025\/12\/IMG_0735.jpeg","datePublished":"2025-12-30T13:18:55+00:00","dateModified":"2025-12-30T13:21:20+00:00","description":"Green Valleys deltager igen i 2026 på den store plantekongres Herning, som samler landmænd, rådgivere og vidensinstitutioner til to fagdage.","breadcrumb":{"@id":"https:\/\/greenvalleys.eu\/da\/event\/plantekongressen-2026-i-herning-kongrescenter\/#breadcrumb"},"inLanguage":"da-DK","potentialAction":[{"@type":"ReadAction","target":["https:\/\/greenvalleys.eu\/da\/event\/plantekongressen-2026-i-herning-kongrescenter\/"]}]},{"@type":"ImageObject","inLanguage":"da-DK","@id":"https:\/\/greenvalleys.eu\/da\/event\/plantekongressen-2026-i-herning-kongrescenter\/#primaryimage","url":"https:\/\/greenvalleys.eu\/wp-content\/uploads\/2025\/12\/IMG_0735.jpeg","contentUrl":"https:\/\/greenvalleys.eu\/wp-content\/uploads\/2025\/12\/IMG_0735.jpeg","width":2048,"height":1536},{"@type":"BreadcrumbList","@id":"https:\/\/greenvalleys.eu\/da\/event\/plantekongressen-2026-i-herning-kongrescenter\/#breadcrumb","itemListElement":[{"@type":"ListItem","position":1,"name":"Home","item":"https:\/\/greenvalleys.eu\/da\/starte\/"},{"@type":"ListItem","position":2,"name":"Events","item":"https:\/\/greenvalleys.eu\/events\/"},{"@type":"ListItem","position":3,"name":"Plantekongressen 2026 i Herning Kongrescenter"}]},{"@type":"WebSite","@id":"https:\/\/greenvalleys.eu\/#website","url":"https:\/\/greenvalleys.eu\/","name":"Green Valleys","description":"We create value circles in agriculture","publisher":{"@id":"https:\/\/greenvalleys.eu\/#organization"},"potentialAction":[{"@type":"SearchAction","target":{"@type":"EntryPoint","urlTemplate":"https:\/\/greenvalleys.eu\/?s={search_term_string}"},"query-input":{"@type":"PropertyValueSpecification","valueRequired":true,"valueName":"search_term_string"}}],"inLanguage":"da-DK"},{"@type":"Organization","@id":"https:\/\/greenvalleys.eu\/#organization","name":"Green Valleys","alternateName":"Green Valleys","url":"https:\/\/greenvalleys.eu\/","logo":{"@type":"ImageObject","inLanguage":"da-DK","@id":"https:\/\/greenvalleys.eu\/#\/schema\/logo\/image\/","url":"https:\/\/greenvalleys.eu\/wp-content\/uploads\/2023\/01\/green-valleys_logotype_new.png","contentUrl":"https:\/\/greenvalleys.eu\/wp-content\/uploads\/2023\/01\/green-valleys_logotype_new.png","width":316,"height":130,"caption":"Green Valleys"},"image":{"@id":"https:\/\/greenvalleys.eu\/#\/schema\/logo\/image\/"}}]}</script>
<!-- / Yoast SEO plugin. -->

Green Valleys deltager igen i 2026 på den store plantekongres Herning, som samler landmænd, rådgivere og vidensinstitutioner til to fagdage.
